{"id":1741,"date":"2019-11-09T11:49:28","date_gmt":"2019-11-09T10:49:28","guid":{"rendered":"http:\/\/vonclaussens.de\/?page_id=1741"},"modified":"2020-05-22T13:37:15","modified_gmt":"2020-05-22T12:37:15","slug":"basis","status":"publish","type":"page","link":"http:\/\/vonclaussens.de\/?page_id=1741","title":{"rendered":"Basis"},"content":{"rendered":"<div id=\"dslc-theme-content\"><div id=\"dslc-theme-content-inner\">\n<p>vonclaussens&nbsp;ist ein B\u00fcro f\u00fcr Veranstaltungsdienstleistungen.<\/p>\n\n\n\n<p>Ein Team von Veranstaltungsmeistern sowie Fachleute der Event Branche bietet Ihnen die technische Leitung sowie die F\u00fchrung der&nbsp;einzelnen Gewerke unter Ber\u00fccksichtigung der sicherheits-relevanten Regeln, Normen und&nbsp;Gesetze f\u00fcr Veranstaltungen und Events an.<\/p>\n\n\n\n<p>Die Themen Veranstaltungssicherheit und Arbeitsschutz werden zuk\u00fcnftig immer&nbsp;wichtiger werden. Unser Portfolio wurde auf die Bereiche des Sicherheits- und&nbsp;Gesundheitskoordinators, Brandschutzbeauftragten und den Fachmeister f\u00fcr&nbsp;Veranstaltungssicherheit erweitert.<\/p>\n\n\n\n<p>Sie werden unterst\u00fctzt bei der Erstellung von Sicherheitskonzepten und den verbindlich&nbsp;vorgeschriebenen R\u00e4umungs- und Entfluchtungskonzepten bei Gro\u00dfveranstaltungen.&nbsp;Dar\u00fcber hinaus bieten wir Personenstrom Analysen in einer visuellen und graphischen&nbsp;Auswertung an.<\/p>\n\n\n\n<p>Anhand der im Vorfeld erstellten Simulationen erkennen Sie das Lauf- und Fluchtverhalten&nbsp;der Besucher. Die Ausf\u00fchrung und Dimensionierung der Flucht- und Rettungswege k\u00f6nnen&nbsp;dadurch geplant bzw. korrigiert werden.<\/p>\n<\/div><\/div>","protected":false},"excerpt":{"rendered":"<p>vonclaussens&nbsp;ist ein B\u00fcro f\u00fcr Veranstaltungsdienstleistungen. Ein Team von Veranstaltungsmeistern sowie Fachleute der Event Branche bietet Ihnen die technische Leitung sowie die F\u00fchrung der&nbsp;einzelnen Gewerke unter &hellip;<\/p>\n","protected":false},"author":1,"featured_media":0,"parent":0,"menu_order":1,"comment_status":"closed","ping_status":"closed","template":"","meta":[],"_links":{"self":[{"href":"http:\/\/vonclaussens.de\/index.php?rest_route=\/wp\/v2\/pages\/1741"}],"collection":[{"href":"http:\/\/vonclaussens.de\/index.php?rest_route=\/wp\/v2\/pages"}],"about":[{"href":"http:\/\/vonclaussens.de\/index.php?rest_route=\/wp\/v2\/types\/page"}],"author":[{"embeddable":true,"href":"http:\/\/vonclaussens.de\/index.php?rest_route=\/wp\/v2\/users\/1"}],"replies":[{"embeddable":true,"href":"http:\/\/vonclaussens.de\/index.php?rest_route=%2Fwp%2Fv2%2Fcomments&post=1741"}],"version-history":[{"count":2,"href":"http:\/\/vonclaussens.de\/index.php?rest_route=\/wp\/v2\/pages\/1741\/revisions"}],"predecessor-version":[{"id":1744,"href":"http:\/\/vonclaussens.de\/index.php?rest_route=\/wp\/v2\/pages\/1741\/revisions\/1744"}],"wp:attachment":[{"href":"http:\/\/vonclaussens.de\/index.php?rest_route=%2Fwp%2Fv2%2Fmedia&parent=1741"}],"curies":[{"name":"wp","href":"https:\/\/api.w.org\/{rel}","templated":true}]}}